2 + -6)/2*-1. Let t(d) = s - 3*d + d + 0*d. Let j be (-26)/(-8) + 2/(-8). What is t(j)?
-2
Let c(g) = g**3 + 3*g**2 - 6*g - 4. Let w be (-3 - -1)/((-2)/(-4)). Calculate c(w).
4
Let p = 6 + -7. Let a(t) = -4*t. Determine a(p).
4
Let t(b) be the first derivative of -2*b**4 + 2*b**3/3 - b**2/2 - 1. Let d = 14 + -13. Determine t(d).
-7
Let s be (21/12)/((-2)/8). Let m(n) = n**2 + 8*n + 9. Let d be m(s). Let x(a) = 14*a - 9. Let g(w) = 5*w - 3. Let h(q) = -8*g(q) + 3*x(q). Calculate h(d).
1
Suppose 0 = -5*n - 2 - 3. Let w(v) be the second derivative of -1/2*v**2 - 1/3*v**3 - v + 0 - 1/12*v**4 + 3/10*v**5. Give w(n).
-6
Suppose -5*q + 4*h + 7 = 0, 5*h = -2*q - 1 + 17. Let m(l) = -l - 9. Let j be m(-9). Let d(c) = -c**3 + j*c**2 + 2*c**2 - 4*c - 3 + 9*c. What is d(q)?
3
Let a(j) = 2*j + 4. Let h(z) = -1. Let u(w) = -a(w) + h(w). Suppose -5*k - 10 = 0, 4 = -2*f - 2*k - 10. What is u(f)?
5
Let t(l) = l**3 + 5*l**2 - 4*l + 3. Let o = -2 + 6. Let s(f) = 2*f**3 + 14*f**2 - 11*f + 8. Let g(n) = o*s(n) - 11*t(n). Calculate g(-1).
3
Suppose -5*a - 3*c - 18 = 0, 0*a + 2*a - 2*c + 20 = 0. Let l be 12*((-6)/8 + 2 - 2). Let u = l - a. Let x(f) = -f**3 - 3*f**2 - f. Calculate x(u).
3
Let d = 15 - 12. Suppose -2*z + 7*z - 5 = 0. Let l(g) = 2 - g**2 - g - z + d. Determine l(-3).
-2
Let h = 216 - 45. Let f be h/(-36) - 2/8. Let m(t) = t**2 + 2*t. What is m(f)?
15
Let o(i) = 2*i**2 - 4*i + 3. Let f be o(2). Suppose 6*h = 4*h - 5*n + 10, 0 = -5*h + 3*n - 6. Let s(z) = -z**f - 3*z**2 + h*z**2 + 2*z**2. Calculate s(-2).
4
Let n(l) = -3*l - 2. Let a(w) = -16*w - 11. Let b(z) = 2*a(z) - 11*n(z). Give b(-2).
-2
Let i(s) = s**2 + 8*s - 8. Let v = -34 + 25. Give i(v).
1
Let a(g) be the third derivative of -g**5/5 - g**3/6 - 16*g**2. What is a(-1)?
-13
Let g(w) = 383*w - 388*w - 2*w**2 - 4 + w**2. Determine g(-5).
-4
Let m(i) = -i**3 - 4*i**2 + 5*i + 4. Suppose 2 = 2*o - 4. Suppose -o = 4*n - 5*g + 27, 0 = 3*n - 5*g + 25. Calculate m(n).
4
Let c(b) = b**2 - 8*b + 2. Suppose 0 = 4*g - 27 + 3. Determine c(g).
-10
Let l(a) = -a**3 - a**2. Let f(v) = -4*v**3 - 2*v - 6. Let i(r) = -f(r) + 5*l(r). Determine i(-5).
-4
Suppose -l = 4*l + 10. Let g be -4 + (-5 - l)/(-1). Let j(n) = 7*n**3 + n + 1. Calculate j(g).
-7
Let o(b) = -5*b**3 + b. Suppose 3 = -2*l - l. Let r be o(l). Suppose r*s = 5*d - s - 35, 0 = -5*d - 2*s. Let p(u) = u + 1. Give p(d).
3
Let u(n) = -n - 1. Let a be u(3). Let m(b) = -b**3 - 4*b**2 + 5. What is m(a)?
5
Let l(w) = -6 + 6*w + w - 5*w. What is l(5)?
4
Let u(d) be the second derivative of d**3/6 - 5*d**2/2 - 7*d. Give u(-4).
-9
Let b = 9 + -5. Let o(j) = j**2 + 5*j + 3. Let i(n) = 2*n**2 + 5*n + 4. Let w(c) = 2*i(c) - 3*o(c). Determine w(b).
-5
Suppose 0 = 5*g + 1 + 14. Let u = -6 + 6. Let a = u - g. Let o(d) = 2*d - 3. What is o(a)?
3
Let o(y) = y**2 + 4*y + 5. Let a(v) = -2*v**2 + v**2 - v + 8*v**3 + 1 - 11*v**3. Let n be a(1). Determine o(n).
5
Let m(a) = -a**2 - 11*a + 15. Let b be m(-12). Let f(x) = -x**3 + 7*x**2 - 3*x - 3. What is f(b)?
24
Let g(s) = 4*s**2 - 9*s + 7. Let b(h) = -9*h**2 + 19*h - 15. Let t(n) = 3*b(n) + 7*g(n). Suppose 3*u = 4*l + 17, 0 = -u - 2*l + 3*l + 5. Give t(u).
-5
Let r(k) = -167 + k**2 + 166 + 2*k**2 + k - 4*k**2. What is r(-3)?
-13
Suppose 0 = 3*h + 4*c + c - 9, 4*c = -3*h + 9. Let s be 0 - (2 - (1 - -1)). Let k(t) = 3 - t + s + 0. Calculate k(h).
0
Let u(c) = -3*c**3 + 19*c**2 - 7*c - 10. Let i(l) = -l**3 + 6*l**2 - 2*l - 3. Let x(w) = 7*i(w) - 2*u(w). Determine x(3).
8
Suppose -8*n = -3*n - 30. Let b(u) = -u**2 + 2*u. What is b(n)?
-24
Let c(z) = z**3 + z**2 - 4*z. Suppose 10*x - 5*x + 40 = 0. Let k = x - -5. What is c(k)?
-6
Let q(r) = -r + 13. Let f be q(19). Let x(c) be the first derivative of -c**4/4 - 2*c**3 - 2*c - 2. Determine x(f).
-2
Let z(h) be the second derivative of 0 - h - 1/3*h**3 + 1/40*h**5 - 1/24*h**4 + 0*h**2. Let n(b) be the second derivative of z(b). Determine n(2).
5
Let b be (-1)/(-5) + (-52)/10. Let g(l) = -6*l**2 - 4*l - l**3 - 4 - l + 0*l**2. Calculate g(b).
-4
Let h(k) = -k**2 - 2*k + 1. Let z(l) = 2*l - 4. Let u(d) = -d**3 - 8*d**2 - d - 5. Let q = -21 - -13. Let f be u(q). Let t be z(f). Give h(t).
-7
Let w(u) = 4*u**2 + u - 3*u - 2*u**3 + 2 - 4. Suppose 2*g = 3*y - 4, 5*g = 2*y + g. Give w(y).
-6
Suppose 0*i - 3*i = 9. Let q(y) = 1. Let w(b) = 2*b - 5. Let p(c) = -2*q(c) - w(c). What is p(i)?
9
Let n(g) be the third derivative of -g**8/5040 + g**7/5040 - g**5/60 - g**2. Let z(y) be the third derivative of n(y). Calculate z(1).
-3
Let i = 20 + -15. Let s = i - 3. Let y(b) = -2*b - 2. Determine y(s).
-6
Let f(p) = p + 8. Let l be f(-8). Let h(s) = -5*s + 2*s - 21 - s**2 + 14 + 2*s. What is h(l)?
-7
Suppose 0 + 8 = 2*k. Let u(c) be the first derivative of -c**4/24 + c**3 - 2*c**2 - 1. Let l(i) be the second derivative of u(i). Give l(k).
2
Let r(d) = 6*d**3 + 6*d**2 + 3*d + 4. Let t(z) = 7*z**3 + 7*z**2 + 4*z + 5. Let m(w) = -6*r(w) + 5*t(w). Determine m(-3).
13
Let k(x) be the third derivative of -x**5/60 + x**4/24 - x**3/3 + 9*x**2. Calculate k(2).
-4
Suppose -4*r - 19 = -3*m, 3*m = -r + 5 + 9. Let u(o) = -7*o - 23. Let n(q) = 2*q + 6. Let p(x) = -22*n(x) - 6*u(x). Give p(m).
-4
Let f(h) = -4*h**2 + 2*h + 1. Let a(l) = -l + 12. Let t be a(7). Let o = t - 3. Give f(o).
-11
Suppose 0 = 5*p + 5*z - 20, -4*p - 3*z + 7*z + 8 = 0. Let l(o) = -o**2 + 4*o - 3. Give l(p).
0
Suppose -45 = -5*a + 5*x, -21 = a - 2*a + 5*x. Let i(l) be the second derivative of l**5/20 - l**4/2 - l**3/3 + 7*l**2/2 - 25*l. Calculate i(a).
-5
Let b(k) be the first derivative of -k**4/2 + k**3 - k**2 + k + 1. Let n = 0 + 0. Let z = 2 + n. Calculate b(z).
-7
Let a(w) = -w**3 - 5*w**2 + 4*w - 7. Let c = 47 - 53. Calculate a(c).
5
Let s(m) = -m**3 + 6*m**2 - 6*m - 7. Suppose -30 = -y - 2*y - 5*x, 3 = 3*y - 4*x. Give s(y).
-12
Let p(u) = 10 + 14 - 18 - u**3 + u**2 + u. Let f be p(0). Let k(q) = -q**2 + 7*q - 2. Give k(f).
4
Let i = 6 + -5. Let t be (-1 + i/3)*-3. Let w(a) = 4 + 3*a**t - a**3 - 8 + 4*a**2 - 5*a. What is w(6)?
2
Suppose 0 = 5*z + o - 23 + 8, 0 = 5*z - 4*o + 10. Let j(v) = v**2 - 4*v + 3. Calculate j(z).
-1
Let y(i) = i**2 - 2*i - 3. Let n = 95 - 91. Give y(n).
5
Let n(h) = h**2 + 7*h + 1. Let r(q) = -4*q**2 - 21*q - 2. Let f(p) = 7*n(p) + 2*r(p). Determine f(5).
13
Let x(i) = i**3 - i**2 + i. Let b(c) = c**2 + 7*c - 44. Let q be b(-11). What is x(q)?
0
Let w(x) = x**2 + 8*x - 9. Suppose 0 - 27 = 3*q. What is w(q)?
0
Let o(r) = r + 6. Let a be o(-3). Let m(s) be the third derivative of 0*s - 1/20*s**5 - 1/24*s**4 + 1/120*s**6 + 0 - s**2 + 0*s**3. Determine m(a).
-3
Let k(z) = 9*z - 4. Suppose 0*m = m + 3. Let f(q) = 3*q - 1. Let j(l) = m*k(l) + 8*f(l). Calculate j(4).
-8
Let s(k) = -k + 5 + 1 + 2*k - 5. What is s(-8)?
-7
Suppose -4 = 2*r + 2*y, -5 = -0*r - 5*r - 2*y. Let c(f) = 2*f. Let p be c(r). Let o(l) = l - 4. Determine o(p).
2
Let w(o) = 8 - o**2 - 2 - 2 + 2*o**2. Let q be w(0). Let x be (6/8)/((-1)/q). Let n(h) = h**2 + 4*h - 2. Give n(x).
-5
Let u(q) = 5*q**2 + q**2 + 6*q - 7*q**2 - 3 + 1. Give u(6).
-2
Let s(x) = -3*x**2 + 2*x**2 - 4 + 0*x + x. Let b(v) = v**2 - 4*v. Let c be b(4). Give s(c).
-4
Let w(d) = -d**2 - d - 18. Let i(q) = q**2 + 2*q. Let k be i(0). Calculate w(k).
-18
Let h(x) = x - 4. Let q be h(6). Let w(k) = k**2 - 6 + 7*k + 2*k**2 + 0*k**2 - 4*k**q. What is w(5)?
4
Let o(v) = -3*v**2. Suppose -4*z - 2*z - 6 = 0. What is o(z)?
-3
Let r(p) be the third derivative of -p**9/60480 - p**8/3360 + p**7/5040 + p**6/90 + p**5/15 + 4*p**2. Let l(v) be the third derivative of r(v). What is l(-6)?
2
Let o(h) = -h**2. Let u(z) = 2*z**2 - 2*z - 1. Let d(b) = o(b) + u(b). Give d(0).
-1
Let a(x) = x**3 - 8*x**2 + 3*x + 6. Let v(p) = -p**3 + 7*p**2 - 2*p - 5. Let z(s) = -5*a(s) - 6*v(s). Suppose 6*k - 3*k = 9. Let j = k + 0. What is z(j)?
0
Let f(z) = -z + 6. Let d = -5 - -7. Suppose -4 = o + l + 3*l, d*o = -5*l - 2. What is f(o)?
2
Let d(x) = x + 1. Let k(j) = 3*j + 3. Let i(l) = 4*d(l) - k(l). Suppose 0 = -h - 0*h + 20. Suppose h = y - 5*y. Calculate i(y).
-4
Let c(f) = -3*f**2 - f**3 + 4*f + 5 - f**2 - 1. Let q = 16 - 10. Let p = q - 11. Determine c(p).
9
Let w(p) = 2*p**2 - 2*p**2 + 5*p**3 + p**2 - p**3 + p - 1. Calculate w(1).
5
Let a(o) = 2*o - 8. Let m be a(5). Let s(b) = -3*b - 5*b**m + 8 - 3 - b**3 + 2*